{"id":163,"date":"2025-11-04T16:51:43","date_gmt":"2025-11-04T14:51:43","guid":{"rendered":"https:\/\/carohypno.fr\/?page_id=163"},"modified":"2025-11-04T18:01:52","modified_gmt":"2025-11-04T16:01:52","slug":"pourquoi-limaginologie","status":"publish","type":"page","link":"https:\/\/carohypno.fr\/index.php\/pourquoi-limaginologie\/","title":{"rendered":"Pourquoi l&rsquo;Imaginologie ?"},"content":{"rendered":"\t\t<div data-elementor-type=\"wp-page\" data-elementor-id=\"163\" class=\"elementor elementor-163\" data-elementor-settings=\"{&quot;ha_cmc_init_switcher&quot;:&quot;no&quot;}\" data-elementor-post-type=\"page\">\n\t\t\t\t<div class=\"elementor-element elementor-element-d3dcf4a e-flex e-con-boxed e-con e-parent\" data-id=\"d3dcf4a\" data-element_type=\"container\" data-settings=\"{&quot;_ha_eqh_enable&quot;:false}\">\n\t\t\t\t\t<div class=\"e-con-inner\">\n\t\t\t\t<div class=\"elementor-element elementor-element-5df37f3 exad-sticky-section-no exad-glass-effect-no elementor-widget elementor-widget-heading\" data-id=\"5df37f3\" data-element_type=\"widget\" data-widget_type=\"heading.default\">\n\t\t\t\t\t<h2 class=\"elementor-heading-title elementor-size-default\">\u00ab Au d\u00e9but, on vous demandera POURQUOI vous le faites. Puis on vous demandera COMMENT vous l\u2019avez fait \u00bb.\n<\/h2>\t\t\t\t<\/div>\n\t\t\t\t<div class=\"elementor-element elementor-element-a6d0089 exad-sticky-section-no exad-glass-effect-no elementor-widget elementor-widget-spacer\" data-id=\"a6d0089\" data-element_type=\"widget\" data-widget_type=\"spacer.default\">\n\t\t\t\t\t\t\t<div class=\"elementor-spacer\">\n\t\t\t<div class=\"elementor-spacer-inner\"><\/div>\n\t\t<\/div>\n\t\t\t\t\t\t<\/div>\n\t\t\t\t<div class=\"elementor-element elementor-element-5961132 exad-sticky-section-no exad-glass-effect-no elementor-widget elementor-widget-spacer\" data-id=\"5961132\" data-element_type=\"widget\" data-widget_type=\"spacer.default\">\n\t\t\t\t\t\t\t<div class=\"elementor-spacer\">\n\t\t\t<div class=\"elementor-spacer-inner\"><\/div>\n\t\t<\/div>\n\t\t\t\t\t\t<\/div>\n\t\t\t\t<div class=\"elementor-element elementor-element-20aa7a1 exad-sticky-section-no exad-glass-effect-no elementor-widget elementor-widget-text-editor\" data-id=\"20aa7a1\" data-element_type=\"widget\" data-widget_type=\"text-editor.default\">\n\t\t\t\t\t\t\t\t\t<h2 data-start=\"220\" data-end=\"277\">Imaginologue\u00ae M\u00e9thode JIA\u00ae &amp; Praticienne Hypnose \/ PNL<\/h2><h3 data-start=\"279\" data-end=\"341\">Retrouver la confiance en soi pour atteindre vos objectifs<\/h3><p data-start=\"343\" data-end=\"557\">Je suis une <strong data-start=\"355\" data-end=\"369\">\u00e9claireuse<\/strong> : je marche \u00e0 vos c\u00f4t\u00e9s, sans vous pr\u00e9c\u00e9der ni vous tirer.<br data-start=\"428\" data-end=\"431\" \/>Je vous aide \u00e0 <strong data-start=\"446\" data-end=\"490\">allumer votre propre lanterne int\u00e9rieure<\/strong>, celle qui \u00e9claire les zones d\u2019ombre et r\u00e9v\u00e8le vos tr\u00e9sors cach\u00e9s.<\/p><p data-start=\"559\" data-end=\"687\">J\u2019\u0153uvre avec <strong data-start=\"572\" data-end=\"607\">douceur, intuition et pr\u00e9cision<\/strong>, dans le respect de votre rythme et de ce qui cherche \u00e0 se dire \u00e0 travers vous.<\/p><hr data-start=\"689\" data-end=\"692\" \/><h3 data-start=\"694\" data-end=\"711\">Mes approches<\/h3><p data-start=\"713\" data-end=\"796\">Je m\u2019appuie sur des m\u00e9thodes profond\u00e9ment <strong data-start=\"755\" data-end=\"794\">transformatrices et compl\u00e9mentaires<\/strong> :<\/p><p data-start=\"798\" data-end=\"922\"><strong data-start=\"798\" data-end=\"817\">L\u2019Imaginologie\u00ae<\/strong><br data-start=\"817\" data-end=\"820\" \/>Une m\u00e9thode po\u00e9tique et puissante qui allie visualisation, symboles, arch\u00e9types et ancrage corporel.<\/p><p data-start=\"924\" data-end=\"1036\"><strong data-start=\"924\" data-end=\"970\">La m\u00e9thode JIA\u00ae de Visualisation Cr\u00e9atrice<\/strong><br data-start=\"970\" data-end=\"973\" \/>Pour remettre du mouvement dans vos d\u00e9sirs et dans votre vie.<\/p><p data-start=\"1038\" data-end=\"1170\"><strong data-start=\"1038\" data-end=\"1075\">L\u2019Hypnose Ericksonienne et la PNL<\/strong><br data-start=\"1075\" data-end=\"1078\" \/>Pour r\u00e9\u00e9crire les automatismes, lib\u00e9rer les sch\u00e9mas bloquants et r\u00e9activer vos ressources.<\/p><p data-start=\"1275\" data-end=\"1421\"><strong data-start=\"1275\" data-end=\"1317\">Les rituels symboliques et lib\u00e9rateurs<\/strong><br data-start=\"1317\" data-end=\"1320\" \/>Cr\u00e9\u00e9s sur-mesure pour honorer les passages de vie, restaurer le lien \u00e0 soi ou lib\u00e9rer ce qui entrave.<\/p><hr data-start=\"1423\" data-end=\"1426\" \/><h3 data-start=\"1428\" data-end=\"1446\">Ma philosophie<\/h3><blockquote data-start=\"1448\" data-end=\"1522\"><p data-start=\"1450\" data-end=\"1522\">\u00ab Jouer s\u00e9rieusement pour aller mieux \u00bb, c\u2019est le c\u0153ur de ma pratique.<\/p><\/blockquote><p data-start=\"1524\" data-end=\"1665\">Par <strong data-start=\"1528\" data-end=\"1544\">l\u2019imaginaire<\/strong>, le <strong data-start=\"1549\" data-end=\"1558\">corps<\/strong>, la <strong data-start=\"1563\" data-end=\"1571\">voix<\/strong>, l\u2019<strong data-start=\"1575\" data-end=\"1586\">\u00e9nergie<\/strong> et les <strong data-start=\"1594\" data-end=\"1606\">symboles<\/strong>, vous devenez <strong data-start=\"1621\" data-end=\"1664\">l\u2019acteur de votre propre transformation<\/strong>.<\/p><hr data-start=\"1667\" data-end=\"1670\" \/><h3 data-start=\"1672\" data-end=\"1712\">\u00c0 qui s\u2019adresse cet accompagnement ?<\/h3><p data-start=\"1714\" data-end=\"1831\"><strong data-start=\"1714\" data-end=\"1756\">Enfants, adolescents, adultes, s\u00e9niors<\/strong> :<br data-start=\"1758\" data-end=\"1761\" \/>il n\u2019y a pas d\u2019\u00e2ge pour aller bien et reprendre les r\u00eanes de sa vie.<\/p><p data-start=\"1833\" data-end=\"1949\">Tout (ou presque) peut trouver un <strong data-start=\"1867\" data-end=\"1920\">soulagement, une am\u00e9lioration, une transformation<\/strong> gr\u00e2ce \u00e0 la m\u00e9thode <strong data-start=\"1940\" data-end=\"1948\">JIA\u00ae<\/strong>.<\/p><p data-start=\"1951\" data-end=\"2122\"><strong data-start=\"1951\" data-end=\"1971\">Pour les enfants<\/strong><br data-start=\"1971\" data-end=\"1974\" \/>Ils d\u00e9couvrent une mani\u00e8re ludique et cr\u00e9ative d\u2019apprivoiser leurs \u00e9motions : col\u00e8re, peur du noir, troubles du sommeil, manque de confiance en soi\u2026<\/p><p data-start=\"2124\" data-end=\"2271\"><strong data-start=\"2124\" data-end=\"2155\">Pour les adultes et s\u00e9niors<\/strong><br data-start=\"2155\" data-end=\"2158\" \/>Ils apprennent \u00e0 imaginer autrement, \u00e0 transformer leur quotidien, \u00e0 se reconnecter \u00e0 leurs ressources profondes.<\/p><hr data-start=\"2273\" data-end=\"2276\" \/><h3 data-start=\"2278\" data-end=\"2312\">Mes domaines de sp\u00e9cialisation<\/h3><p data-start=\"2314\" data-end=\"2420\"><strong data-start=\"2314\" data-end=\"2345\">L\u2019accompagnement des femmes<\/strong><br data-start=\"2345\" data-end=\"2348\" \/>\u00c0 toutes les \u00e9tapes de leur vie : cycle f\u00e9minin, maternit\u00e9, m\u00e9nopause.<\/p><p data-start=\"2422\" data-end=\"2521\"><strong data-start=\"2422\" data-end=\"2469\">Le sevrage tabagique et la gestion du poids<\/strong><br data-start=\"2469\" data-end=\"2472\" \/>Dont la pose de l\u2019<strong data-start=\"2490\" data-end=\"2518\">anneau gastrique virtuel<\/strong>.<\/p><p data-start=\"2523\" data-end=\"2613\"><strong data-start=\"2523\" data-end=\"2547\">La reconnexion \u00e0 soi<\/strong><br data-start=\"2547\" data-end=\"2550\" \/>Retrouver son <strong data-start=\"2564\" data-end=\"2577\">intuition<\/strong>, sa <strong data-start=\"2582\" data-end=\"2590\">joie<\/strong> et sa <strong data-start=\"2597\" data-end=\"2612\">juste place<\/strong>.<\/p><hr data-start=\"2615\" data-end=\"2618\" \/><h3 data-start=\"2620\" data-end=\"2633\">En r\u00e9sum\u00e9<\/h3><p data-start=\"2635\" data-end=\"2775\">Aujourd\u2019hui, j\u2019accompagne avec joie celles et ceux qui, comme moi un jour, sentent qu\u2019il est <strong data-start=\"2728\" data-end=\"2774\">temps de se remettre au centre de leur vie<\/strong>.<\/p>\t\t\t\t\t\t\t\t<\/div>\n\t\t\t\t<div class=\"elementor-element elementor-element-aa7cb84 exad-sticky-section-no exad-glass-effect-no elementor-widget elementor-widget-spacer\" data-id=\"aa7cb84\" data-element_type=\"widget\" data-widget_type=\"spacer.default\">\n\t\t\t\t\t\t\t<div class=\"elementor-spacer\">\n\t\t\t<div class=\"elementor-spacer-inner\"><\/div>\n\t\t<\/div>\n\t\t\t\t\t\t<\/div>\n\t\t\t\t<div class=\"elementor-element elementor-element-5d24a9a exad-sticky-section-no exad-glass-effect-no elementor-widget elementor-widget-text-editor\" data-id=\"5d24a9a\" data-element_type=\"widget\" data-widget_type=\"text-editor.default\">\n\t\t\t\t\t\t\t\t\t<p>L\u2019accompagnement de la m\u00e9nopause et du cycle f\u00e9minin en g\u00e9n\u00e9ral<br \/>La m\u00e9nopause est cette p\u00e9riode particuli\u00e8re de vie, redout\u00e9e par certaines femmes, attendue par d\u2019autres.<\/p><p>Elle repr\u00e9sente la fin d\u2019un cycle : la fin des r\u00e8gles, la fin de la fertilit\u00e9. Et le d\u00e9but d\u2019un autre : plus de libert\u00e9 retrouv\u00e9e en \u00e9tant lib\u00e9r\u00e9e des contraintes li\u00e9es \u00e0 la contraception par exemple.<\/p><p>Elle n\u2019est, ni plus ni moins, qu\u2019une \u00e9tape comme bien d\u2019autres dans la vie de la femme, comme la pubert\u00e9 l\u2019est pour les adolescents.<\/p><p>Cependant, si certaines femmes traversent cette p\u00e9riode sans encombre, d\u2019autres peuvent ressentir des troubles avec un degr\u00e9 plus ou moins important de g\u00eane :<\/p><p><strong>Bouff\u00e9es de chaleur<\/strong><br \/><strong>Prise de poids<\/strong><br \/><strong>Irritabilit\u00e9<\/strong><br \/><strong>Insomnies<\/strong><br \/><strong>Maux de t\u00eate<\/strong><br \/><strong>Douleurs articulaires<\/strong><br \/><strong>Dess\u00e8chement de la peau<\/strong><br \/><strong>S\u00e9cheresse vaginale<\/strong><br \/>Afin de traverser au mieux cette p\u00e9riode, je vous accompagne au travers de tr\u00e8s belles techniques, douces et f\u00e9minines, po\u00e9tiques et respectueuses, pour vous donner les outils pour vivre au mieux cette \u00e9tape de vie, et ce, de mani\u00e8re naturelle gr\u00e2ce \u00e0 l\u2019Imaginologie\u00ae, l\u2019hypnose et la PNL.<\/p><p>L\u00e0 encore, le nombre de s\u00e9ances d\u00e9pendra de chacune, de vos besoins, de votre capacit\u00e9 \u00e0 laisser le changement op\u00e9rer en vous.<\/p><p>Parce que vous sentir bien, belle, heureuse et \u00e9panouie, \u00e0 toutes les p\u00e9riodes de votre vie est une donne essentielle qui me tient \u00e0 c\u0153ur, en tant qu\u2019Imaginologue\u00ae M\u00e9thode JIA\u00ae &amp; praticienne Hypnose PNL, je mettrai en place tous les outils n\u00e9cessaires \u00e0 votre harmonie f\u00e9minine.<\/p><p>NOTA BENE : les techniques utilis\u00e9es pour apaiser les sympt\u00f4mes d\u00e9sagr\u00e9ables de la m\u00e9nopause peuvent aussi \u00eatre utilis\u00e9es et adapt\u00e9es pour toutes les p\u00e9riodes du cycle f\u00e9minin. Pour votre plus grand bien et le plus grand bien de tous !<\/p><p>L\u2019Imaginologie\u00ae M\u00e9thode JIA\u00ae, l\u2019hypnose et la PNL ont un champ d\u2019actions tr\u00e8s large, \u00e0 partir du moment o\u00f9 vous \u00eates d\u00e9sireux de voir des changements op\u00e9rer. Ensemble, nous pouvons \u0153uvrer \u00e0 l\u2019atteinte de vos objectifs en mati\u00e8re de :<\/p><p><strong>Gestion du stress<\/strong><br \/><strong>Qualit\u00e9 du sommeil<\/strong><br \/><strong>Confiance en soi<\/strong><br \/><strong>Phobies<\/strong><br \/><strong>Pr\u00e9paration mentale pour une \u00e9ch\u00e9ance importante<\/strong><br \/><strong>Deuil<\/strong><br \/><strong>Etc<\/strong><br \/>Rencontrons-nous et voyons ensemble si je peux \u00e9clairer votre chemin.<\/p>\t\t\t\t\t\t\t\t<\/div>\n\t\t\t\t\t<\/div>\n\t\t\t\t<\/div>\n\t\t\t\t<\/div>\n\t\t","protected":false},"excerpt":{"rendered":"<p>\u00ab Au d\u00e9but, on vous demandera POURQUOI vous le faites. Puis on vous demandera COMMENT vous l\u2019avez fait \u00bb. Imaginologue\u00ae M\u00e9thode JIA\u00ae &amp; Praticienne Hypnose \/ PNL Retrouver la confiance en soi pour atteindre vos objectifs Je suis une \u00e9claireuse : je marche \u00e0 vos c\u00f4t\u00e9s, sans vous pr\u00e9c\u00e9der ni vous tirer.Je vous aide \u00e0 [&hellip;]<\/p>\n","protected":false},"author":1,"featured_media":0,"parent":0,"menu_order":0,"comment_status":"closed","ping_status":"closed","template":"","meta":{"inline_featured_image":false,"footnotes":""},"class_list":["post-163","page","type-page","status-publish","hentry"],"yoast_head":"<!-- This site is optimized with the Yoast SEO Premium plugin v26.0 (Yoast SEO v26.0) - https:\/\/yoast.com\/wordpress\/plugins\/seo\/ -->\n<title>Pourquoi l&#039;Imaginologie ? - CaroHypno<\/title>\n<meta name=\"robots\" content=\"index, follow, max-snippet:-1, max-image-preview:large, max-video-preview:-1\" \/>\n<link rel=\"canonical\" href=\"https:\/\/carohypno.fr\/index.php\/pourquoi-limaginologie\/\" \/>\n<meta property=\"og:locale\" content=\"fr_FR\" \/>\n<meta property=\"og:type\" content=\"article\" \/>\n<meta property=\"og:title\" content=\"Pourquoi l&#039;Imaginologie ?\" \/>\n<meta property=\"og:description\" content=\"\u00ab Au d\u00e9but, on vous demandera POURQUOI vous le faites. Puis on vous demandera COMMENT vous l\u2019avez fait \u00bb. Imaginologue\u00ae M\u00e9thode JIA\u00ae &amp; Praticienne Hypnose \/ PNL Retrouver la confiance en soi pour atteindre vos objectifs Je suis une \u00e9claireuse : je marche \u00e0 vos c\u00f4t\u00e9s, sans vous pr\u00e9c\u00e9der ni vous tirer.Je vous aide \u00e0 [&hellip;]\" \/>\n<meta property=\"og:url\" content=\"https:\/\/carohypno.fr\/index.php\/pourquoi-limaginologie\/\" \/>\n<meta property=\"og:site_name\" content=\"CaroHypno\" \/>\n<meta property=\"article:modified_time\" content=\"2025-11-04T16:01:52+00:00\" \/>\n<meta name=\"twitter:card\" content=\"summary_large_image\" \/>\n<meta name=\"twitter:label1\" content=\"Dur\u00e9e de lecture estim\u00e9e\" \/>\n\t<meta name=\"twitter:data1\" content=\"4 minutes\" \/>\n<script type=\"application\/ld+json\" class=\"yoast-schema-graph\">{\"@context\":\"https:\/\/schema.org\",\"@graph\":[{\"@type\":\"WebPage\",\"@id\":\"https:\/\/carohypno.fr\/index.php\/pourquoi-limaginologie\/\",\"url\":\"https:\/\/carohypno.fr\/index.php\/pourquoi-limaginologie\/\",\"name\":\"Pourquoi l'Imaginologie ? - CaroHypno\",\"isPartOf\":{\"@id\":\"https:\/\/carohypno.fr\/#website\"},\"datePublished\":\"2025-11-04T14:51:43+00:00\",\"dateModified\":\"2025-11-04T16:01:52+00:00\",\"breadcrumb\":{\"@id\":\"https:\/\/carohypno.fr\/index.php\/pourquoi-limaginologie\/#breadcrumb\"},\"inLanguage\":\"fr-FR\",\"potentialAction\":[{\"@type\":\"ReadAction\",\"target\":[\"https:\/\/carohypno.fr\/index.php\/pourquoi-limaginologie\/\"]}]},{\"@type\":\"BreadcrumbList\",\"@id\":\"https:\/\/carohypno.fr\/index.php\/pourquoi-limaginologie\/#breadcrumb\",\"itemListElement\":[{\"@type\":\"ListItem\",\"position\":1,\"name\":\"Accueil\",\"item\":\"https:\/\/carohypno.fr\/\"},{\"@type\":\"ListItem\",\"position\":2,\"name\":\"Pourquoi l&rsquo;Imaginologie ?\"}]},{\"@type\":\"WebSite\",\"@id\":\"https:\/\/carohypno.fr\/#website\",\"url\":\"https:\/\/carohypno.fr\/\",\"name\":\"CaroHypno\",\"description\":\"\",\"potentialAction\":[{\"@type\":\"SearchAction\",\"target\":{\"@type\":\"EntryPoint\",\"urlTemplate\":\"https:\/\/carohypno.fr\/?s={search_term_string}\"},\"query-input\":{\"@type\":\"PropertyValueSpecification\",\"valueRequired\":true,\"valueName\":\"search_term_string\"}}],\"inLanguage\":\"fr-FR\"}]}<\/script>\n<!-- \/ Yoast SEO Premium plugin. -->","yoast_head_json":{"title":"Pourquoi l'Imaginologie ? - CaroHypno","robots":{"index":"index","follow":"follow","max-snippet":"max-snippet:-1","max-image-preview":"max-image-preview:large","max-video-preview":"max-video-preview:-1"},"canonical":"https:\/\/carohypno.fr\/index.php\/pourquoi-limaginologie\/","og_locale":"fr_FR","og_type":"article","og_title":"Pourquoi l'Imaginologie ?","og_description":"\u00ab Au d\u00e9but, on vous demandera POURQUOI vous le faites. Puis on vous demandera COMMENT vous l\u2019avez fait \u00bb. Imaginologue\u00ae M\u00e9thode JIA\u00ae &amp; Praticienne Hypnose \/ PNL Retrouver la confiance en soi pour atteindre vos objectifs Je suis une \u00e9claireuse : je marche \u00e0 vos c\u00f4t\u00e9s, sans vous pr\u00e9c\u00e9der ni vous tirer.Je vous aide \u00e0 [&hellip;]","og_url":"https:\/\/carohypno.fr\/index.php\/pourquoi-limaginologie\/","og_site_name":"CaroHypno","article_modified_time":"2025-11-04T16:01:52+00:00","twitter_card":"summary_large_image","twitter_misc":{"Dur\u00e9e de lecture estim\u00e9e":"4 minutes"},"schema":{"@context":"https:\/\/schema.org","@graph":[{"@type":"WebPage","@id":"https:\/\/carohypno.fr\/index.php\/pourquoi-limaginologie\/","url":"https:\/\/carohypno.fr\/index.php\/pourquoi-limaginologie\/","name":"Pourquoi l'Imaginologie ? - CaroHypno","isPartOf":{"@id":"https:\/\/carohypno.fr\/#website"},"datePublished":"2025-11-04T14:51:43+00:00","dateModified":"2025-11-04T16:01:52+00:00","breadcrumb":{"@id":"https:\/\/carohypno.fr\/index.php\/pourquoi-limaginologie\/#breadcrumb"},"inLanguage":"fr-FR","potentialAction":[{"@type":"ReadAction","target":["https:\/\/carohypno.fr\/index.php\/pourquoi-limaginologie\/"]}]},{"@type":"BreadcrumbList","@id":"https:\/\/carohypno.fr\/index.php\/pourquoi-limaginologie\/#breadcrumb","itemListElement":[{"@type":"ListItem","position":1,"name":"Accueil","item":"https:\/\/carohypno.fr\/"},{"@type":"ListItem","position":2,"name":"Pourquoi l&rsquo;Imaginologie ?"}]},{"@type":"WebSite","@id":"https:\/\/carohypno.fr\/#website","url":"https:\/\/carohypno.fr\/","name":"CaroHypno","description":"","potentialAction":[{"@type":"SearchAction","target":{"@type":"EntryPoint","urlTemplate":"https:\/\/carohypno.fr\/?s={search_term_string}"},"query-input":{"@type":"PropertyValueSpecification","valueRequired":true,"valueName":"search_term_string"}}],"inLanguage":"fr-FR"}]}},"_links":{"self":[{"href":"https:\/\/carohypno.fr\/index.php\/wp-json\/wp\/v2\/pages\/163","targetHints":{"allow":["GET"]}}],"collection":[{"href":"https:\/\/carohypno.fr\/index.php\/wp-json\/wp\/v2\/pages"}],"about":[{"href":"https:\/\/carohypno.fr\/index.php\/wp-json\/wp\/v2\/types\/page"}],"author":[{"embeddable":true,"href":"https:\/\/carohypno.fr\/index.php\/wp-json\/wp\/v2\/users\/1"}],"replies":[{"embeddable":true,"href":"https:\/\/carohypno.fr\/index.php\/wp-json\/wp\/v2\/comments?post=163"}],"version-history":[{"count":10,"href":"https:\/\/carohypno.fr\/index.php\/wp-json\/wp\/v2\/pages\/163\/revisions"}],"predecessor-version":[{"id":227,"href":"https:\/\/carohypno.fr\/index.php\/wp-json\/wp\/v2\/pages\/163\/revisions\/227"}],"wp:attachment":[{"href":"https:\/\/carohypno.fr\/index.php\/wp-json\/wp\/v2\/media?parent=163"}],"curies":[{"name":"wp","href":"https:\/\/api.w.org\/{rel}","templated":true}]}}