{"id":144,"date":"2025-11-04T16:22:14","date_gmt":"2025-11-04T14:22:14","guid":{"rendered":"https:\/\/carohypno.fr\/?page_id=144"},"modified":"2025-11-04T17:46:13","modified_gmt":"2025-11-04T15:46:13","slug":"a-propos-de-moi","status":"publish","type":"page","link":"https:\/\/carohypno.fr\/index.php\/a-propos-de-moi\/","title":{"rendered":"\u00c0 propos de moi"},"content":{"rendered":"\t\t<div data-elementor-type=\"wp-page\" data-elementor-id=\"144\" class=\"elementor elementor-144\" data-elementor-settings=\"{&quot;ha_cmc_init_switcher&quot;:&quot;no&quot;}\" data-elementor-post-type=\"page\">\n\t\t\t\t<div class=\"elementor-element elementor-element-a36d837 e-flex e-con-boxed e-con e-parent\" data-id=\"a36d837\" data-element_type=\"container\" data-settings=\"{&quot;_ha_eqh_enable&quot;:false}\">\n\t\t\t\t\t<div class=\"e-con-inner\">\n\t\t\t\t<div class=\"elementor-element elementor-element-636fcf7 exad-sticky-section-no exad-glass-effect-no elementor-widget elementor-widget-heading\" data-id=\"636fcf7\" data-element_type=\"widget\" data-widget_type=\"heading.default\">\n\t\t\t\t\t<h2 class=\"elementor-heading-title elementor-size-default\">Qui Suis-je ?<\/h2>\t\t\t\t<\/div>\n\t\t\t\t<div class=\"elementor-element elementor-element-6a61bb1 exad-sticky-section-no exad-glass-effect-no elementor-widget elementor-widget-spacer\" data-id=\"6a61bb1\" data-element_type=\"widget\" data-widget_type=\"spacer.default\">\n\t\t\t\t\t\t\t<div class=\"elementor-spacer\">\n\t\t\t<div class=\"elementor-spacer-inner\"><\/div>\n\t\t<\/div>\n\t\t\t\t\t\t<\/div>\n\t\t<div class=\"elementor-element elementor-element-6d0e877 e-grid e-con-full e-con e-child\" data-id=\"6d0e877\" data-element_type=\"container\" data-settings=\"{&quot;_ha_eqh_enable&quot;:false}\">\n\t\t\t\t<div class=\"elementor-element elementor-element-3ea6ea6 exad-sticky-section-no exad-glass-effect-no elementor-widget elementor-widget-text-editor\" data-id=\"3ea6ea6\" data-element_type=\"widget\" data-widget_type=\"text-editor.default\">\n\t\t\t\t\t\t\t\t\t<p>Je m\u2019appelle Caroline, j\u2019ai 58 ans.<br \/>Apr\u00e8s plusieurs traumatismes et un gros burn-out, j\u2019ai ressenti le besoin profond de comprendre ce qui se passait en moi. En cherchant de l\u2019aide, je me suis naturellement tourn\u00e9e vers l\u2019\u00e9tude de l\u2019\u00eatre humain, de son fonctionnement, de ses \u00e9motions et de ses m\u00e9canismes int\u00e9rieurs.<\/p><p>J\u2019ai eu la chance de travailler aux c\u00f4t\u00e9s de m\u00e9decins bienveillants, qui m\u2019ont encourag\u00e9e \u00e0 reprendre mes \u00e9tudes et \u00e0 me former dans le domaine de l\u2019accompagnement. J\u2019ai ainsi d\u00e9couvert ma v\u00e9ritable vocation : aider les autres \u00e0 se reconstruire, \u00e0 mieux se comprendre et \u00e0 retrouver leur \u00e9quilibre.<\/p><p>Dans notre soci\u00e9t\u00e9 actuelle, l\u2019humain peine souvent \u00e0 trouver sa place. Beaucoup se sentent perdus, d\u00e9connect\u00e9s d\u2019eux-m\u00eames ou de leurs aspirations profondes.<br \/>Mon objectif est donc d\u2019accompagner chaque personne \u00e0 redevenir l\u2019acteur et le responsable de sa propre vie, dans la bienveillance et sans jugement.<\/p><p>Pour cela, je me suis form\u00e9e \u00e0 plusieurs approches et sp\u00e9cialit\u00e9s, afin d\u2019\u00eatre la plus pr\u00e9cise et la plus compl\u00e8te possible dans mon accompagnement. Cette pluralit\u00e9 d\u2019outils me permet d\u2019adapter mes m\u00e9thodes \u00e0 chaque individu, selon ses besoins, son rythme et son histoire.<\/p>\t\t\t\t\t\t\t\t<\/div>\n\t\t\t\t<div class=\"elementor-element elementor-element-4a35741 exad-sticky-section-no exad-glass-effect-no elementor-widget elementor-widget-image\" data-id=\"4a35741\" data-element_type=\"widget\" data-widget_type=\"image.default\">\n\t\t\t\t\t\t\t\t\t\t\t\t\t\t\t<img fetchpriority=\"high\" decoding=\"async\" width=\"1200\" height=\"1600\" src=\"https:\/\/carohypno.fr\/wp-content\/uploads\/2025\/10\/WhatsApp-Image-2025-09-25-at-16.30.28-5.webp\" class=\"attachment-full size-full wp-image-46\" alt=\"\" srcset=\"https:\/\/carohypno.fr\/wp-content\/uploads\/2025\/10\/WhatsApp-Image-2025-09-25-at-16.30.28-5.webp 1200w, https:\/\/carohypno.fr\/wp-content\/uploads\/2025\/10\/WhatsApp-Image-2025-09-25-at-16.30.28-5-225x300.webp 225w, https:\/\/carohypno.fr\/wp-content\/uploads\/2025\/10\/WhatsApp-Image-2025-09-25-at-16.30.28-5-768x1024.webp 768w, https:\/\/carohypno.fr\/wp-content\/uploads\/2025\/10\/WhatsApp-Image-2025-09-25-at-16.30.28-5-1152x1536.webp 1152w\" sizes=\"(max-width: 1200px) 100vw, 1200px\" \/>\t\t\t\t\t\t\t\t\t\t\t\t\t\t\t<\/div>\n\t\t\t\t<\/div>\n\t\t\t\t\t<\/div>\n\t\t\t\t<\/div>\n\t\t<div class=\"elementor-element elementor-element-f8cb4c5 e-flex e-con-boxed e-con e-parent\" data-id=\"f8cb4c5\" data-element_type=\"container\" data-settings=\"{&quot;_ha_eqh_enable&quot;:false}\">\n\t\t\t\t\t<div class=\"e-con-inner\">\n\t\t\t\t<div class=\"elementor-element elementor-element-84e9b3b exad-sticky-section-no exad-glass-effect-no elementor-widget elementor-widget-heading\" data-id=\"84e9b3b\" data-element_type=\"widget\" data-widget_type=\"heading.default\">\n\t\t\t\t\t<h2 class=\"elementor-heading-title elementor-size-default\">Dipl\u00f4mes<\/h2>\t\t\t\t<\/div>\n\t\t\t\t\t<\/div>\n\t\t\t\t<\/div>\n\t\t<div class=\"elementor-element elementor-element-9e50cc1 e-grid e-con-full e-con e-parent\" data-id=\"9e50cc1\" data-element_type=\"container\" data-settings=\"{&quot;_ha_eqh_enable&quot;:false}\">\n\t\t\t\t<div class=\"elementor-element elementor-element-54e0513 exad-sticky-section-no exad-glass-effect-no elementor-widget elementor-widget-image\" data-id=\"54e0513\" data-element_type=\"widget\" data-widget_type=\"image.default\">\n\t\t\t\t\t\t\t\t\t\t\t\t\t\t\t<img decoding=\"async\" width=\"842\" height=\"595\" src=\"https:\/\/carohypno.fr\/wp-content\/uploads\/2025\/11\/caroline-souverain.pdfcertif-sissi.png\" class=\"attachment-full size-full wp-image-216\" alt=\"\" srcset=\"https:\/\/carohypno.fr\/wp-content\/uploads\/2025\/11\/caroline-souverain.pdfcertif-sissi.png 842w, https:\/\/carohypno.fr\/wp-content\/uploads\/2025\/11\/caroline-souverain.pdfcertif-sissi-300x212.png 300w, https:\/\/carohypno.fr\/wp-content\/uploads\/2025\/11\/caroline-souverain.pdfcertif-sissi-768x543.png 768w\" sizes=\"(max-width: 842px) 100vw, 842px\" \/>\t\t\t\t\t\t\t\t\t\t\t\t\t\t\t<\/div>\n\t\t\t\t<div class=\"elementor-element elementor-element-b71e9a7 exad-sticky-section-no exad-glass-effect-no elementor-widget elementor-widget-image\" data-id=\"b71e9a7\" data-element_type=\"widget\" data-widget_type=\"image.default\">\n\t\t\t\t\t\t\t\t\t\t\t\t\t\t\t<img decoding=\"async\" width=\"800\" height=\"554\" src=\"https:\/\/carohypno.fr\/wp-content\/uploads\/2025\/11\/caroline-scaled.webp\" class=\"attachment-large size-large wp-image-208\" alt=\"\" srcset=\"https:\/\/carohypno.fr\/wp-content\/uploads\/2025\/11\/caroline-scaled.webp 2560w, https:\/\/carohypno.fr\/wp-content\/uploads\/2025\/11\/caroline-300x208.webp 300w\" sizes=\"(max-width: 800px) 100vw, 800px\" \/>\t\t\t\t\t\t\t\t\t\t\t\t\t\t\t<\/div>\n\t\t\t\t<\/div>\n\t\t\t\t<\/div>\n\t\t","protected":false},"excerpt":{"rendered":"<p>Qui Suis-je ? Je m\u2019appelle Caroline, j\u2019ai 58 ans.Apr\u00e8s plusieurs traumatismes et un gros burn-out, j\u2019ai ressenti le besoin profond de comprendre ce qui se passait en moi. En cherchant de l\u2019aide, je me suis naturellement tourn\u00e9e vers l\u2019\u00e9tude de l\u2019\u00eatre humain, de son fonctionnement, de ses \u00e9motions et de ses m\u00e9canismes int\u00e9rieurs. J\u2019ai eu [&hellip;]<\/p>\n","protected":false},"author":1,"featured_media":0,"parent":0,"menu_order":0,"comment_status":"closed","ping_status":"closed","template":"","meta":{"inline_featured_image":false,"footnotes":""},"class_list":["post-144","page","type-page","status-publish","hentry"],"yoast_head":"<!-- This site is optimized with the Yoast SEO Premium plugin v26.0 (Yoast SEO v26.0) - https:\/\/yoast.com\/wordpress\/plugins\/seo\/ -->\n<title>\u00c0 propos de moi - CaroHypno<\/title>\n<meta name=\"robots\" content=\"index, follow, max-snippet:-1, max-image-preview:large, max-video-preview:-1\" \/>\n<link rel=\"canonical\" href=\"https:\/\/carohypno.fr\/index.php\/a-propos-de-moi\/\" \/>\n<meta property=\"og:locale\" content=\"fr_FR\" \/>\n<meta property=\"og:type\" content=\"article\" \/>\n<meta property=\"og:title\" content=\"\u00c0 propos de moi\" \/>\n<meta property=\"og:description\" content=\"Qui Suis-je ? Je m\u2019appelle Caroline, j\u2019ai 58 ans.Apr\u00e8s plusieurs traumatismes et un gros burn-out, j\u2019ai ressenti le besoin profond de comprendre ce qui se passait en moi. En cherchant de l\u2019aide, je me suis naturellement tourn\u00e9e vers l\u2019\u00e9tude de l\u2019\u00eatre humain, de son fonctionnement, de ses \u00e9motions et de ses m\u00e9canismes int\u00e9rieurs. J\u2019ai eu [&hellip;]\" \/>\n<meta property=\"og:url\" content=\"https:\/\/carohypno.fr\/index.php\/a-propos-de-moi\/\" \/>\n<meta property=\"og:site_name\" content=\"CaroHypno\" \/>\n<meta property=\"article:modified_time\" content=\"2025-11-04T15:46:13+00:00\" \/>\n<meta property=\"og:image\" content=\"https:\/\/carohypno.fr\/wp-content\/uploads\/2025\/10\/WhatsApp-Image-2025-09-25-at-16.30.28-5.webp\" \/>\n\t<meta property=\"og:image:width\" content=\"1200\" \/>\n\t<meta property=\"og:image:height\" content=\"1600\" \/>\n\t<meta property=\"og:image:type\" content=\"image\/webp\" \/>\n<meta name=\"twitter:card\" content=\"summary_large_image\" \/>\n<meta name=\"twitter:label1\" content=\"Dur\u00e9e de lecture estim\u00e9e\" \/>\n\t<meta name=\"twitter:data1\" content=\"1 minute\" \/>\n<script type=\"application\/ld+json\" class=\"yoast-schema-graph\">{\"@context\":\"https:\/\/schema.org\",\"@graph\":[{\"@type\":\"WebPage\",\"@id\":\"https:\/\/carohypno.fr\/index.php\/a-propos-de-moi\/\",\"url\":\"https:\/\/carohypno.fr\/index.php\/a-propos-de-moi\/\",\"name\":\"\u00c0 propos de moi - CaroHypno\",\"isPartOf\":{\"@id\":\"https:\/\/carohypno.fr\/#website\"},\"primaryImageOfPage\":{\"@id\":\"https:\/\/carohypno.fr\/index.php\/a-propos-de-moi\/#primaryimage\"},\"image\":{\"@id\":\"https:\/\/carohypno.fr\/index.php\/a-propos-de-moi\/#primaryimage\"},\"thumbnailUrl\":\"https:\/\/carohypno.fr\/wp-content\/uploads\/2025\/10\/WhatsApp-Image-2025-09-25-at-16.30.28-5.webp\",\"datePublished\":\"2025-11-04T14:22:14+00:00\",\"dateModified\":\"2025-11-04T15:46:13+00:00\",\"breadcrumb\":{\"@id\":\"https:\/\/carohypno.fr\/index.php\/a-propos-de-moi\/#breadcrumb\"},\"inLanguage\":\"fr-FR\",\"potentialAction\":[{\"@type\":\"ReadAction\",\"target\":[\"https:\/\/carohypno.fr\/index.php\/a-propos-de-moi\/\"]}]},{\"@type\":\"ImageObject\",\"inLanguage\":\"fr-FR\",\"@id\":\"https:\/\/carohypno.fr\/index.php\/a-propos-de-moi\/#primaryimage\",\"url\":\"https:\/\/carohypno.fr\/wp-content\/uploads\/2025\/10\/WhatsApp-Image-2025-09-25-at-16.30.28-5.webp\",\"contentUrl\":\"https:\/\/carohypno.fr\/wp-content\/uploads\/2025\/10\/WhatsApp-Image-2025-09-25-at-16.30.28-5.webp\",\"width\":1200,\"height\":1600},{\"@type\":\"BreadcrumbList\",\"@id\":\"https:\/\/carohypno.fr\/index.php\/a-propos-de-moi\/#breadcrumb\",\"itemListElement\":[{\"@type\":\"ListItem\",\"position\":1,\"name\":\"Accueil\",\"item\":\"https:\/\/carohypno.fr\/\"},{\"@type\":\"ListItem\",\"position\":2,\"name\":\"\u00c0 propos de moi\"}]},{\"@type\":\"WebSite\",\"@id\":\"https:\/\/carohypno.fr\/#website\",\"url\":\"https:\/\/carohypno.fr\/\",\"name\":\"CaroHypno\",\"description\":\"\",\"potentialAction\":[{\"@type\":\"SearchAction\",\"target\":{\"@type\":\"EntryPoint\",\"urlTemplate\":\"https:\/\/carohypno.fr\/?s={search_term_string}\"},\"query-input\":{\"@type\":\"PropertyValueSpecification\",\"valueRequired\":true,\"valueName\":\"search_term_string\"}}],\"inLanguage\":\"fr-FR\"}]}<\/script>\n<!-- \/ Yoast SEO Premium plugin. -->","yoast_head_json":{"title":"\u00c0 propos de moi - CaroHypno","robots":{"index":"index","follow":"follow","max-snippet":"max-snippet:-1","max-image-preview":"max-image-preview:large","max-video-preview":"max-video-preview:-1"},"canonical":"https:\/\/carohypno.fr\/index.php\/a-propos-de-moi\/","og_locale":"fr_FR","og_type":"article","og_title":"\u00c0 propos de moi","og_description":"Qui Suis-je ? Je m\u2019appelle Caroline, j\u2019ai 58 ans.Apr\u00e8s plusieurs traumatismes et un gros burn-out, j\u2019ai ressenti le besoin profond de comprendre ce qui se passait en moi. En cherchant de l\u2019aide, je me suis naturellement tourn\u00e9e vers l\u2019\u00e9tude de l\u2019\u00eatre humain, de son fonctionnement, de ses \u00e9motions et de ses m\u00e9canismes int\u00e9rieurs. J\u2019ai eu [&hellip;]","og_url":"https:\/\/carohypno.fr\/index.php\/a-propos-de-moi\/","og_site_name":"CaroHypno","article_modified_time":"2025-11-04T15:46:13+00:00","og_image":[{"width":1200,"height":1600,"url":"https:\/\/carohypno.fr\/wp-content\/uploads\/2025\/10\/WhatsApp-Image-2025-09-25-at-16.30.28-5.webp","type":"image\/webp"}],"twitter_card":"summary_large_image","twitter_misc":{"Dur\u00e9e de lecture estim\u00e9e":"1 minute"},"schema":{"@context":"https:\/\/schema.org","@graph":[{"@type":"WebPage","@id":"https:\/\/carohypno.fr\/index.php\/a-propos-de-moi\/","url":"https:\/\/carohypno.fr\/index.php\/a-propos-de-moi\/","name":"\u00c0 propos de moi - CaroHypno","isPartOf":{"@id":"https:\/\/carohypno.fr\/#website"},"primaryImageOfPage":{"@id":"https:\/\/carohypno.fr\/index.php\/a-propos-de-moi\/#primaryimage"},"image":{"@id":"https:\/\/carohypno.fr\/index.php\/a-propos-de-moi\/#primaryimage"},"thumbnailUrl":"https:\/\/carohypno.fr\/wp-content\/uploads\/2025\/10\/WhatsApp-Image-2025-09-25-at-16.30.28-5.webp","datePublished":"2025-11-04T14:22:14+00:00","dateModified":"2025-11-04T15:46:13+00:00","breadcrumb":{"@id":"https:\/\/carohypno.fr\/index.php\/a-propos-de-moi\/#breadcrumb"},"inLanguage":"fr-FR","potentialAction":[{"@type":"ReadAction","target":["https:\/\/carohypno.fr\/index.php\/a-propos-de-moi\/"]}]},{"@type":"ImageObject","inLanguage":"fr-FR","@id":"https:\/\/carohypno.fr\/index.php\/a-propos-de-moi\/#primaryimage","url":"https:\/\/carohypno.fr\/wp-content\/uploads\/2025\/10\/WhatsApp-Image-2025-09-25-at-16.30.28-5.webp","contentUrl":"https:\/\/carohypno.fr\/wp-content\/uploads\/2025\/10\/WhatsApp-Image-2025-09-25-at-16.30.28-5.webp","width":1200,"height":1600},{"@type":"BreadcrumbList","@id":"https:\/\/carohypno.fr\/index.php\/a-propos-de-moi\/#breadcrumb","itemListElement":[{"@type":"ListItem","position":1,"name":"Accueil","item":"https:\/\/carohypno.fr\/"},{"@type":"ListItem","position":2,"name":"\u00c0 propos de moi"}]},{"@type":"WebSite","@id":"https:\/\/carohypno.fr\/#website","url":"https:\/\/carohypno.fr\/","name":"CaroHypno","description":"","potentialAction":[{"@type":"SearchAction","target":{"@type":"EntryPoint","urlTemplate":"https:\/\/carohypno.fr\/?s={search_term_string}"},"query-input":{"@type":"PropertyValueSpecification","valueRequired":true,"valueName":"search_term_string"}}],"inLanguage":"fr-FR"}]}},"_links":{"self":[{"href":"https:\/\/carohypno.fr\/index.php\/wp-json\/wp\/v2\/pages\/144","targetHints":{"allow":["GET"]}}],"collection":[{"href":"https:\/\/carohypno.fr\/index.php\/wp-json\/wp\/v2\/pages"}],"about":[{"href":"https:\/\/carohypno.fr\/index.php\/wp-json\/wp\/v2\/types\/page"}],"author":[{"embeddable":true,"href":"https:\/\/carohypno.fr\/index.php\/wp-json\/wp\/v2\/users\/1"}],"replies":[{"embeddable":true,"href":"https:\/\/carohypno.fr\/index.php\/wp-json\/wp\/v2\/comments?post=144"}],"version-history":[{"count":22,"href":"https:\/\/carohypno.fr\/index.php\/wp-json\/wp\/v2\/pages\/144\/revisions"}],"predecessor-version":[{"id":223,"href":"https:\/\/carohypno.fr\/index.php\/wp-json\/wp\/v2\/pages\/144\/revisions\/223"}],"wp:attachment":[{"href":"https:\/\/carohypno.fr\/index.php\/wp-json\/wp\/v2\/media?parent=144"}],"curies":[{"name":"wp","href":"https:\/\/api.w.org\/{rel}","templated":true}]}}