{"id":133,"date":"2025-11-04T16:01:43","date_gmt":"2025-11-04T14:01:43","guid":{"rendered":"https:\/\/carohypno.fr\/?page_id=133"},"modified":"2025-11-04T16:14:13","modified_gmt":"2025-11-04T14:14:13","slug":"quest-ce-que-limaginologie","status":"publish","type":"page","link":"https:\/\/carohypno.fr\/index.php\/quest-ce-que-limaginologie\/","title":{"rendered":"Qu&rsquo;est-ce que l&rsquo;Imaginologie ?"},"content":{"rendered":"\t\t<div data-elementor-type=\"wp-page\" data-elementor-id=\"133\" class=\"elementor elementor-133\" data-elementor-settings=\"{&quot;ha_cmc_init_switcher&quot;:&quot;no&quot;}\" data-elementor-post-type=\"page\">\n\t\t\t\t<div class=\"elementor-element elementor-element-818f2eb e-flex e-con-boxed e-con e-parent\" data-id=\"818f2eb\" data-element_type=\"container\" data-settings=\"{&quot;_ha_eqh_enable&quot;:false}\">\n\t\t\t\t\t<div class=\"e-con-inner\">\n\t\t\t\t<div class=\"elementor-element elementor-element-6d8f3a2 exad-sticky-section-no exad-glass-effect-no elementor-widget elementor-widget-image\" data-id=\"6d8f3a2\" data-element_type=\"widget\" data-widget_type=\"image.default\">\n\t\t\t\t\t\t\t\t\t\t\t\t\t\t\t<img fetchpriority=\"high\" decoding=\"async\" width=\"800\" height=\"534\" src=\"https:\/\/carohypno.fr\/wp-content\/uploads\/2025\/10\/WhatsApp-Image-2025-09-25-at-16.30.28-3-1024x683.webp\" class=\"attachment-large size-large wp-image-44\" alt=\"\" srcset=\"https:\/\/carohypno.fr\/wp-content\/uploads\/2025\/10\/WhatsApp-Image-2025-09-25-at-16.30.28-3-1024x683.webp 1024w, https:\/\/carohypno.fr\/wp-content\/uploads\/2025\/10\/WhatsApp-Image-2025-09-25-at-16.30.28-3-300x200.webp 300w, https:\/\/carohypno.fr\/wp-content\/uploads\/2025\/10\/WhatsApp-Image-2025-09-25-at-16.30.28-3-768x512.webp 768w, https:\/\/carohypno.fr\/wp-content\/uploads\/2025\/10\/WhatsApp-Image-2025-09-25-at-16.30.28-3.webp 1206w\" sizes=\"(max-width: 800px) 100vw, 800px\" \/>\t\t\t\t\t\t\t\t\t\t\t\t\t\t\t<\/div>\n\t\t\t\t<div class=\"elementor-element elementor-element-50c5893 exad-sticky-section-no exad-glass-effect-no elementor-widget elementor-widget-text-editor\" data-id=\"50c5893\" data-element_type=\"widget\" data-widget_type=\"text-editor.default\">\n\t\t\t\t\t\t\t\t\t<h3><strong>Voici la d\u00e9finition que Lou Ken, fondateur de l\u2019Imaginologie\u00ae, donne de sa m\u00e9thode :<\/strong><\/h3><p>\u00ab L\u2019Imaginologie\u00ae est une approche d\u2019accompagnement cr\u00e9ative, transformatrice et sensorielle, qui utilise la puissance de l\u2019imaginaire pour reprogrammer positivement le corps, les \u00e9motions et les pens\u00e9es. Elle permet de revisiter symboliquement les m\u00e9moires limitantes, pour les transmuter en ressources, et d\u2019aligner la personne avec sa vibration profonde. \u00bb<\/p><p>Elle s\u2019appuie sur plusieurs piliers :<\/p><p>* L\u2019imaginaire sensoriel et cr\u00e9atif, mobilis\u00e9 par des m\u00e9taphores, des voyages int\u00e9rieurs, des symboles puissants (arbre, ch\u00e2teau, pyramide, etc.).<br \/>* Le corps comme interface d\u2019int\u00e9gration, en favorisant l\u2019ancrage cellulaire et les sensations (respiration, mouvement, toucher symbolique\u2026).<br \/>* La r\u00e9\u00e9criture des m\u00e9moires, qu\u2019elles soient personnelles, transg\u00e9n\u00e9rationnelles ou symboliques, pour transformer les croyances ou les sch\u00e9mas r\u00e9p\u00e9titifs.<br \/>* La reliance \u00e0 l\u2019\u00e2me, en reconnectant la personne \u00e0 son essence, \u00e0 son intuition, \u00e0 sa joie d\u2019\u00eatre.<\/p><p>L\u2019Imaginologie\u00ae se distingue par son approche ludique, po\u00e9tique et profond\u00e9ment intuitive, tout en \u00e9tant structur\u00e9e par des outils puissants : les \u00ab arch\u00e9types \u00bb, les \u00ab cartes vibratoires \u00bb, les \u00ab me-niatures \u00bb, les \u00ab objets-passerelles \u00bb, ou encore la \u00ab double pyramide \u00bb du coaching quantique.<\/p><p>Retrouver une silhouette id\u00e9ale gr\u00e2ce \u00e0 l\u2019Imaginologie\u00ae, l\u2019hypnose et la PNL<br \/>L\u2019exc\u00e8s de poids peut \u00eatre d\u00fb \u00e0 de nombreux facteurs. La s\u00e9dentarit\u00e9, le manque d\u2019exercice physique, les grignotages, une alimentation d\u00e9s\u00e9quilibr\u00e9e et\/ou en exc\u00e8s, un d\u00e9r\u00e8glement hormonal, une mauvaise gestion des \u00e9motions, etc. Tout cela participe \u00e0 une prise de poids.<\/p><p>L\u2019Imaginologie\u00ae et l\u2019hypnose coupl\u00e9es \u00e0 des techniques de PNL est l\u2019outil id\u00e9al pour mettre en place de nouveaux comportements, de nouvelles habitudes, et pour travailler sur la gestion des \u00e9motions. Vous d\u00e9terminez votre objectif de poids id\u00e9al (r\u00e9aliste et r\u00e9alisable) et aid\u00e9 de votre motivation et de votre assiduit\u00e9 dans les diff\u00e9rentes t\u00e2ches que je vous propose, l\u2019hypnose vous accompagne sur le chemin du changement.<br \/>La RVE (R\u00e9duction Virtuelle de l\u2019Estomac)<br \/>Il s\u2019agit l\u00e0 de r\u00e9duire de mani\u00e8re virtuelle la taille de votre estomac. L\u2019esprit de la RVE est de cr\u00e9er un rapport diff\u00e9rent avec la nourriture afin que vous mangiez peu en ayant toutefois une alimentation plus saine.<\/p><p>Tout comme la pose de l\u2019anneau gastrique chirurgical, la RVE ne garantit pas une solution rapide, ou miraculeuse et demande un certain nombre de changements d\u2019habitudes.<\/p><p>Le taux de succ\u00e8s d\u2019une RVE est de 80 %, alors que l\u2019on annonce 60 % de r\u00e9ussite pour la chirurgie. Par ailleurs, la RVE n\u2019entra\u00eene aucun effet secondaire ni complication, \u00e0 la diff\u00e9rence d\u2019un anneau gastrique chirurgical (hospitalisation, arr\u00eat de travail ensuite, etc).<\/p><p>La RVE est une technique de visualisation qui permet au cerveau de vivre la r\u00e9alit\u00e9 de l\u2019amaigrissement. La psych\u00e9 va \u00eatre persuad\u00e9e qu\u2019elle a un anneau et va faire fonctionner le corps en cons\u00e9quence.<\/p><p>\u00ab Au d\u00e9but, on vous demandera POURQUOI vous le faites. Puis on vous demandera COMMENT vous l\u2019avez fait \u00bb.<\/p>\t\t\t\t\t\t\t\t<\/div>\n\t\t\t\t\t<\/div>\n\t\t\t\t<\/div>\n\t\t\t\t<\/div>\n\t\t","protected":false},"excerpt":{"rendered":"<p>Voici la d\u00e9finition que Lou Ken, fondateur de l\u2019Imaginologie\u00ae, donne de sa m\u00e9thode : \u00ab L\u2019Imaginologie\u00ae est une approche d\u2019accompagnement cr\u00e9ative, transformatrice et sensorielle, qui utilise la puissance de l\u2019imaginaire pour reprogrammer positivement le corps, les \u00e9motions et les pens\u00e9es. Elle permet de revisiter symboliquement les m\u00e9moires limitantes, pour les transmuter en ressources, et d\u2019aligner [&hellip;]<\/p>\n","protected":false},"author":1,"featured_media":0,"parent":0,"menu_order":0,"comment_status":"closed","ping_status":"closed","template":"","meta":{"inline_featured_image":false,"footnotes":""},"class_list":["post-133","page","type-page","status-publish","hentry"],"yoast_head":"<!-- This site is optimized with the Yoast SEO Premium plugin v26.0 (Yoast SEO v26.0) - https:\/\/yoast.com\/wordpress\/plugins\/seo\/ -->\n<title>Qu&#039;est-ce que l&#039;Imaginologie ? - CaroHypno<\/title>\n<meta name=\"robots\" content=\"index, follow, max-snippet:-1, max-image-preview:large, max-video-preview:-1\" \/>\n<link rel=\"canonical\" href=\"https:\/\/carohypno.fr\/index.php\/quest-ce-que-limaginologie\/\" \/>\n<meta property=\"og:locale\" content=\"fr_FR\" \/>\n<meta property=\"og:type\" content=\"article\" \/>\n<meta property=\"og:title\" content=\"Qu&#039;est-ce que l&#039;Imaginologie ?\" \/>\n<meta property=\"og:description\" content=\"Voici la d\u00e9finition que Lou Ken, fondateur de l\u2019Imaginologie\u00ae, donne de sa m\u00e9thode : \u00ab L\u2019Imaginologie\u00ae est une approche d\u2019accompagnement cr\u00e9ative, transformatrice et sensorielle, qui utilise la puissance de l\u2019imaginaire pour reprogrammer positivement le corps, les \u00e9motions et les pens\u00e9es. Elle permet de revisiter symboliquement les m\u00e9moires limitantes, pour les transmuter en ressources, et d\u2019aligner [&hellip;]\" \/>\n<meta property=\"og:url\" content=\"https:\/\/carohypno.fr\/index.php\/quest-ce-que-limaginologie\/\" \/>\n<meta property=\"og:site_name\" content=\"CaroHypno\" \/>\n<meta property=\"article:modified_time\" content=\"2025-11-04T14:14:13+00:00\" \/>\n<meta property=\"og:image\" content=\"https:\/\/carohypno.fr\/wp-content\/uploads\/2025\/10\/WhatsApp-Image-2025-09-25-at-16.30.28-3.webp\" \/>\n\t<meta property=\"og:image:width\" content=\"1206\" \/>\n\t<meta property=\"og:image:height\" content=\"804\" \/>\n\t<meta property=\"og:image:type\" content=\"image\/webp\" \/>\n<meta name=\"twitter:card\" content=\"summary_large_image\" \/>\n<meta name=\"twitter:label1\" content=\"Dur\u00e9e de lecture estim\u00e9e\" \/>\n\t<meta name=\"twitter:data1\" content=\"3 minutes\" \/>\n<script type=\"application\/ld+json\" class=\"yoast-schema-graph\">{\"@context\":\"https:\/\/schema.org\",\"@graph\":[{\"@type\":\"WebPage\",\"@id\":\"https:\/\/carohypno.fr\/index.php\/quest-ce-que-limaginologie\/\",\"url\":\"https:\/\/carohypno.fr\/index.php\/quest-ce-que-limaginologie\/\",\"name\":\"Qu'est-ce que l'Imaginologie ? - CaroHypno\",\"isPartOf\":{\"@id\":\"https:\/\/carohypno.fr\/#website\"},\"primaryImageOfPage\":{\"@id\":\"https:\/\/carohypno.fr\/index.php\/quest-ce-que-limaginologie\/#primaryimage\"},\"image\":{\"@id\":\"https:\/\/carohypno.fr\/index.php\/quest-ce-que-limaginologie\/#primaryimage\"},\"thumbnailUrl\":\"https:\/\/carohypno.fr\/wp-content\/uploads\/2025\/10\/WhatsApp-Image-2025-09-25-at-16.30.28-3-1024x683.webp\",\"datePublished\":\"2025-11-04T14:01:43+00:00\",\"dateModified\":\"2025-11-04T14:14:13+00:00\",\"breadcrumb\":{\"@id\":\"https:\/\/carohypno.fr\/index.php\/quest-ce-que-limaginologie\/#breadcrumb\"},\"inLanguage\":\"fr-FR\",\"potentialAction\":[{\"@type\":\"ReadAction\",\"target\":[\"https:\/\/carohypno.fr\/index.php\/quest-ce-que-limaginologie\/\"]}]},{\"@type\":\"ImageObject\",\"inLanguage\":\"fr-FR\",\"@id\":\"https:\/\/carohypno.fr\/index.php\/quest-ce-que-limaginologie\/#primaryimage\",\"url\":\"https:\/\/carohypno.fr\/wp-content\/uploads\/2025\/10\/WhatsApp-Image-2025-09-25-at-16.30.28-3.webp\",\"contentUrl\":\"https:\/\/carohypno.fr\/wp-content\/uploads\/2025\/10\/WhatsApp-Image-2025-09-25-at-16.30.28-3.webp\",\"width\":1206,\"height\":804},{\"@type\":\"BreadcrumbList\",\"@id\":\"https:\/\/carohypno.fr\/index.php\/quest-ce-que-limaginologie\/#breadcrumb\",\"itemListElement\":[{\"@type\":\"ListItem\",\"position\":1,\"name\":\"Accueil\",\"item\":\"https:\/\/carohypno.fr\/\"},{\"@type\":\"ListItem\",\"position\":2,\"name\":\"Qu&rsquo;est-ce que l&rsquo;Imaginologie ?\"}]},{\"@type\":\"WebSite\",\"@id\":\"https:\/\/carohypno.fr\/#website\",\"url\":\"https:\/\/carohypno.fr\/\",\"name\":\"CaroHypno\",\"description\":\"\",\"potentialAction\":[{\"@type\":\"SearchAction\",\"target\":{\"@type\":\"EntryPoint\",\"urlTemplate\":\"https:\/\/carohypno.fr\/?s={search_term_string}\"},\"query-input\":{\"@type\":\"PropertyValueSpecification\",\"valueRequired\":true,\"valueName\":\"search_term_string\"}}],\"inLanguage\":\"fr-FR\"}]}<\/script>\n<!-- \/ Yoast SEO Premium plugin. -->","yoast_head_json":{"title":"Qu'est-ce que l'Imaginologie ? - CaroHypno","robots":{"index":"index","follow":"follow","max-snippet":"max-snippet:-1","max-image-preview":"max-image-preview:large","max-video-preview":"max-video-preview:-1"},"canonical":"https:\/\/carohypno.fr\/index.php\/quest-ce-que-limaginologie\/","og_locale":"fr_FR","og_type":"article","og_title":"Qu'est-ce que l'Imaginologie ?","og_description":"Voici la d\u00e9finition que Lou Ken, fondateur de l\u2019Imaginologie\u00ae, donne de sa m\u00e9thode : \u00ab L\u2019Imaginologie\u00ae est une approche d\u2019accompagnement cr\u00e9ative, transformatrice et sensorielle, qui utilise la puissance de l\u2019imaginaire pour reprogrammer positivement le corps, les \u00e9motions et les pens\u00e9es. Elle permet de revisiter symboliquement les m\u00e9moires limitantes, pour les transmuter en ressources, et d\u2019aligner [&hellip;]","og_url":"https:\/\/carohypno.fr\/index.php\/quest-ce-que-limaginologie\/","og_site_name":"CaroHypno","article_modified_time":"2025-11-04T14:14:13+00:00","og_image":[{"width":1206,"height":804,"url":"https:\/\/carohypno.fr\/wp-content\/uploads\/2025\/10\/WhatsApp-Image-2025-09-25-at-16.30.28-3.webp","type":"image\/webp"}],"twitter_card":"summary_large_image","twitter_misc":{"Dur\u00e9e de lecture estim\u00e9e":"3 minutes"},"schema":{"@context":"https:\/\/schema.org","@graph":[{"@type":"WebPage","@id":"https:\/\/carohypno.fr\/index.php\/quest-ce-que-limaginologie\/","url":"https:\/\/carohypno.fr\/index.php\/quest-ce-que-limaginologie\/","name":"Qu'est-ce que l'Imaginologie ? - CaroHypno","isPartOf":{"@id":"https:\/\/carohypno.fr\/#website"},"primaryImageOfPage":{"@id":"https:\/\/carohypno.fr\/index.php\/quest-ce-que-limaginologie\/#primaryimage"},"image":{"@id":"https:\/\/carohypno.fr\/index.php\/quest-ce-que-limaginologie\/#primaryimage"},"thumbnailUrl":"https:\/\/carohypno.fr\/wp-content\/uploads\/2025\/10\/WhatsApp-Image-2025-09-25-at-16.30.28-3-1024x683.webp","datePublished":"2025-11-04T14:01:43+00:00","dateModified":"2025-11-04T14:14:13+00:00","breadcrumb":{"@id":"https:\/\/carohypno.fr\/index.php\/quest-ce-que-limaginologie\/#breadcrumb"},"inLanguage":"fr-FR","potentialAction":[{"@type":"ReadAction","target":["https:\/\/carohypno.fr\/index.php\/quest-ce-que-limaginologie\/"]}]},{"@type":"ImageObject","inLanguage":"fr-FR","@id":"https:\/\/carohypno.fr\/index.php\/quest-ce-que-limaginologie\/#primaryimage","url":"https:\/\/carohypno.fr\/wp-content\/uploads\/2025\/10\/WhatsApp-Image-2025-09-25-at-16.30.28-3.webp","contentUrl":"https:\/\/carohypno.fr\/wp-content\/uploads\/2025\/10\/WhatsApp-Image-2025-09-25-at-16.30.28-3.webp","width":1206,"height":804},{"@type":"BreadcrumbList","@id":"https:\/\/carohypno.fr\/index.php\/quest-ce-que-limaginologie\/#breadcrumb","itemListElement":[{"@type":"ListItem","position":1,"name":"Accueil","item":"https:\/\/carohypno.fr\/"},{"@type":"ListItem","position":2,"name":"Qu&rsquo;est-ce que l&rsquo;Imaginologie ?"}]},{"@type":"WebSite","@id":"https:\/\/carohypno.fr\/#website","url":"https:\/\/carohypno.fr\/","name":"CaroHypno","description":"","potentialAction":[{"@type":"SearchAction","target":{"@type":"EntryPoint","urlTemplate":"https:\/\/carohypno.fr\/?s={search_term_string}"},"query-input":{"@type":"PropertyValueSpecification","valueRequired":true,"valueName":"search_term_string"}}],"inLanguage":"fr-FR"}]}},"_links":{"self":[{"href":"https:\/\/carohypno.fr\/index.php\/wp-json\/wp\/v2\/pages\/133","targetHints":{"allow":["GET"]}}],"collection":[{"href":"https:\/\/carohypno.fr\/index.php\/wp-json\/wp\/v2\/pages"}],"about":[{"href":"https:\/\/carohypno.fr\/index.php\/wp-json\/wp\/v2\/types\/page"}],"author":[{"embeddable":true,"href":"https:\/\/carohypno.fr\/index.php\/wp-json\/wp\/v2\/users\/1"}],"replies":[{"embeddable":true,"href":"https:\/\/carohypno.fr\/index.php\/wp-json\/wp\/v2\/comments?post=133"}],"version-history":[{"count":4,"href":"https:\/\/carohypno.fr\/index.php\/wp-json\/wp\/v2\/pages\/133\/revisions"}],"predecessor-version":[{"id":138,"href":"https:\/\/carohypno.fr\/index.php\/wp-json\/wp\/v2\/pages\/133\/revisions\/138"}],"wp:attachment":[{"href":"https:\/\/carohypno.fr\/index.php\/wp-json\/wp\/v2\/media?parent=133"}],"curies":[{"name":"wp","href":"https:\/\/api.w.org\/{rel}","templated":true}]}}